e 15) to base 9.
3045116
What is 111000011100010 (base 2) in base 7?
150152
What is 428638 (base 12) in base 9?
1872378
1ba740 (base 13) to base 2
10101101000000111101
-1010002200 (base 3) to base 11
-15538
What is 47c555 (base 13) in base 14?
32808a
-455a97 (base 11) to base 16
-b1184
Convert 6a263 (base 14) to base 15.
5187a
1213202202 (base 5) to base 9
5347273
Convert 74b06 (base 12) to base 16.
25836
1241252235 (base 6) to base 15
143d8e2
What is -14421044 (base 5) in base 15?
-30bb9
-1001001101111110110000101 (base 2) to base 16
-126fd85
Convert 572520 (base 8) to base 9.
324843
What is 1010705 (base 8) in base 10?
266693
What is 325516 (base 8) in base 15?
2262a
Convert 494154 (base 11) to base 10.
781477
Convert -113154 (base 10) to base 16.
-1ba02
Convert 678353 (base 11) to base 8.
4075066
-2a3a6 (base 12) to base 11
-40619
111110000100001101001 (base 2) to base 6
111331333
What is -23311456 (base 7) in base 5?
-1011202220
Convert 112919 (base 14) to base 5.
122133030
What is 101100100011110001010 (base 2) in base 16?
16478a
What is -2411153 (base 6) in base 14?
-33cbb
Convert 19da99 (base 15) to base 10.
1261269
19401 (base 14) to base 3
10020122120
What is -11114188 (base 10) in base 16?
-a996cc
What is -231423104 (base 5) in base 10?
-1045404
What is 1001111000011100 (base 2) in base 9?
61463
65 (base 8) to base 4
311
Convert -33033210 (base 5) to base 15.
-5903a
Convert -10e7a2 (base 15) to base 16.
-c55a0
What is 1066451 (base 8) in base 13?
a2067
214856 (base 10) to base 6
4334412
121201210102020 (base 3) to base 4
201323003211
What is -303682 (base 12) in base 14?
-158402
Convert -21101201101120 (base 3) to base 15.
-529b53
What is 18090 (base 10) in base 6?
215430
What is 10422314221 (base 5) in base 13?
2507439
-752512 (base 9) to base 16
-6d616
What is -1001010010001110001 (base 2) in base 6?
-10304305
What is -a86aa (base 11) in base 14?
-4178c
What is -117912 (base 13) in base 12?
-181229
Convert -10000000110001011001 (base 2) to base 9.
-883464
What is 3bf66d (base 16) in base 2?
1110111111011001101101
What is 99319 (base 14) in base 12?
15a88b
What is -44201 (base 8) in base 14?
-6a9b
What is -31050 (base 6) in base 10?
-4134
What is 3031010010 (base 4) in base 2?
11001101000100000100
Convert 13023112132 (base 4) to base 12.
7689ba
What is 12021202101020 (base 3) in base 7?
32611650
What is a22 (base 14) in base 6?
13114
What is 161143 (base 8) in base 4?
32021203
Convert 344525 (base 8) to base 4.
130211111
Convert -22110120022102 (base 3) to base 9.
-8416272
Convert -764266 (base 8) to base 7.
-2114613
2622646 (base 9) to base 2
101011101101011011100
What is -705549 (base 14) in base 5?
-1431421113
Convert 2bd68 (base 14) to base 15.
22756
Convert -9a01a (base 11) to base 3.
-21101001002
Convert -12122222013 (base 4) to base 9.
-3143310
Convert 1003451 (base 6) to base 13.
187c3
Convert 145c29c (base 13) to base 6.
350531253
What is -1110111001100101011 (base 2) in base 5?
-111110420
Convert 636803 (base 9) to base 3.
201020220010
What is 8292563 (base 10) in base 8?
37504323
What is 613320 (base 8) in base 10?
202448
What is 618972 (base 11) in base 8?
3622773
Convert -9b86d6 (base 14) to base 12.
-192b258
-2084871 (base 9) to base 16
-111316
What is 1515000 (base 6) in base 16?
15768
-318261 (base 9) to base 8
-562475
Convert 114622246 (base 7) to base 10.
7165402
Convert 331540 (base 6) to base 11.
19844
Convert -3001232313 (base 4) to base 14.
-169287
-10142113211 (base 5) to base 9
-21680022
What is 13650 (base 9) in base 4?
2100333
451ab7 (base 15) to base 3
20012110211201
Convert aa9341 (base 13) to base 3.
21120011212011
Convert -441113 (base 5) to base 8.
-35466
Convert 105ae2 (base 16) to base 5.
233244332
Convert 100100002201021 (base 3) to base 12.
17b36ba
Convert -1023022002 (base 4) to base 11.
-1a0317
Convert 723aa (base 11) to base 9.
170808
Convert c5bc5 (base 15) to base 7.
5221043
Convert 3112140202 (base 5) to base 11.
3658181
Convert 101001011011010001110 (base 2) to base 3.
2112222002002
What is -2d5b1 (base 14) in base 3?
-12202212212
Convert -6b121 (base 13) to base 2.
-101111110010010001
What is -16143346 (base 10) in base 5?
-13113041341
-44100341 (base 5) to base 8
-1342555
What is 516402 (base 9) in base 3?
120120110002
-34b796 (base 15) to base 13
-6a2a11
10001101001101001 (base 2) to base 7
420531
Convert 12020121221 (base 3) to base 15.
208d1
Convert -3303244 (base 5) to base 4.
-31311323
-2371102 (base 8) to base 12
-275282
What is 24242221 (base 5) in base 8?
674743
What is -102121100211010 (base 3) in base 5?
-3034333222
Convert 13040322 (base 5) to base 3.
20111000110
-3347c (base 14) to base 2
-11110010111010110
Convert -163445 (base 9) to base 11.
-69949
What is -3b3a4 (base 13) in base 4?
-122332123
-46651003 (base 7) to base 9
-7658287
What is 51455 (base 11) in base 10?
75080
Convert 1000002112110220 (base 3) to base 11.
8145063
What is -17700282 (base 9) in base 14?
-1281707
What is 2aa71 (base 15) in base 16?
2188c
What is 373136 (base 11) in base 15?
b9b48
600c9 (base 13) to base 2
101001111000001011
What is -3a079 (base 11) in base 7?
-326053
926157 (base 14) to base 12
179b395
What is 463369 (base 10) in base 13?
132baa
What is -21b932a (base 13) in base 14?
-1539410
68634 (base 12) to base 11
955a5
-46250012 (base 7) to base 6
-222414022
12121222210202 (base 3) to base 7
34300040
What is -1074636 (base 8) in base 14?
-78c46
1040040024 (base 6) to base 3
210002011010121
11011110011001110 (base 2) to base 14
2d6d8
What is 5c970 (base 15) in base 13?
a4805
What is -105c2 (base 13) in base 12?
-15138
What is -10012102121112 (base 3) in base 9?
-3172545
Convert 2121012112 (base 3) to base 2.
1100011111101011
Convert 7bcb (base 14) to base 11.
15205
Convert -1100000001101010000110 (base 2) to base 8.
-14015206
What is 4511005 (base 9) in base 3?
11120101000012
Convert -314035 (base 9) to base 11.
-118268
What is -12120212100 (base 3) in base 7?
-635433
-3650743 (base 9) to base 13
-5451c9
What is -1010100000001001001 (base 2) in base 14?
-8d5b3
What is -144 (base 5) in base 3?
-1211
What is 1b779b7 (base 12) in base 16?
59bfdb
What is 2120220022221 (base 3) in base 12?
564274
2302040 (base 7) to base 16
45ee1
202201212121220 (base 3) to base 2
101010000010011011110100
What is 121211020221 (base 3) in base 15?
681bd
2441121 (base 5) to base 12
22a37
a57965 (base 14) to base 9
11461835
4221b (base 12) to base 4
111022313
What is -100101011111011001010 (base 2) in base 4?
-10223323022
577125 (base 8) to base 10
196181
What is 110011100101010000000 (base 2) in base 15?
235c2a
413738 (base 9) to base 13
879c2
What is 213345 (base 10) in base 4?
310011201
What is -13552500 (base 6) in base 14?
-c1acc
1066504 (base 7) to base 4
200303122
What is 1525521 (base 7) in base 16?
32e4d
Convert 5266467 (base 8) to base 2.
101010110110100110111
2222330014 (base 5) to base 16
4a8ef3
What is -101000111001001 (base 2) in base 15?
-630c
-80463 (base 12) to base 14
-44999
Convert -1101000001010011001 (base 2) to base 15.
-86634
-18557d (base 15) to base 5
-300314433
What is -120210144 (base 6) in base 11?
-13012a3
Convert -1343170 (base 8) to base 7.
-3134315
10323022001 (base 4) to base 6
43400145
Convert 23431b3 (base 12) to base 14.
c928d1
Convert 101110000111011010110 (base 2) to base 13.
40ba76
What is 1110121110100 (base 3) in base 5?
144422014
What is 121231 (base 6) in base 16?
29b3
160362662 (base 7) to base 8
51056706
Convert -22221100012210 (base 3) to base 13.
-ca4253
What is 408a0 (base 14) in base 15?
31082
Convert -bb9a40 (base 12) to base 2.
-1011011000000110010000
Convert 2100020111022 (base 3) to base 12.
500422
102201011 (base 4) to base 16
12845
Convert -1430133 (base 9) to base 5.
-200144211
What is -1ab4c (base 15) in base 13?
-30744
Convert -1030323323 (base 4) to base 14.
-82bb5
-4b1111 (base 12) to base 11
-767658
What is -1562447 (base 8) in base 15?
-8dd54
-402480 (base 11) to base 12
-272812
-2424321023 (base 5) to base 12
-1aa9733
Convert -43b18 (base 12) to base 5.
-10332412
What is -43555 (base 6) in base 9?
-8258
What is 11513031 (base 6) in base 3?
200200000201
What is 111210111200 (base 3) in base 7?
2210466
Convert -53777 (base 8) to base 4.
-11133333
Convert